{"id":1996,"date":"2023-08-31T15:32:50","date_gmt":"2023-08-31T13:32:50","guid":{"rendered":"http:\/\/intpro-handelsagentur.com\/intpro-object\/?page_id=1996"},"modified":"2023-10-05T12:29:10","modified_gmt":"2023-10-05T10:29:10","slug":"objektstoffe","status":"publish","type":"page","link":"https:\/\/intpro-handelsagentur.com\/intpro-object\/objektstoffe\/","title":{"rendered":"Objektstoffe"},"content":{"rendered":"\n\n\t<section class=\"section\" id=\"section_1569244677\">\n\t\t<div class=\"section-bg fill\" >\n\t\t\t\t\t\t\t\t\t<button class=\"scroll-for-more z-5 icon absolute bottom h-center\" aria-label=\"Scrollen f\u00fcr mehr\"><i class=\"icon-angle-down\" style=\"font-size:42px;\" ><\/i><\/button>\n\t\t\t\n\n\t\t<\/div>\n\n\t\t\n\n\t\t<div class=\"section-content relative\">\n\t\t\t\n\n<div class=\"row row-full-width align-middle\"  id=\"row-154047369\">\n\n\n\t<div id=\"col-1702118305\" class=\"col medium-12 small-12 large-6\"  >\n\t\t\t\t<div class=\"col-inner text-left\"  >\n\t\t\t\n\t\t\t\n\n\t<div id=\"text-1612018602\" class=\"text\">\n\t\t\n\n<h3><span style=\"color: #ffffff;\">PRODUKTE<\/span><\/h3>\n\t\t\n<style>\n#text-1612018602 {\n  font-size: 1.3rem;\n}\n<\/style>\n\t<\/div>\n\t\n<div class=\"is-divider divider clearfix\" style=\"max-width:241px;background-color:rgb(18, 208, 199);\"><\/div>\n\n\t<div id=\"text-2947427348\" class=\"text\">\n\t\t\n\n<h1><span style=\"color: #ffffff;\">Objektstoffe<\/span><\/h1>\n\t\t\n<style>\n#text-2947427348 {\n  font-size: 2.3rem;\n}\n<\/style>\n\t<\/div>\n\t\n\n\t\t<\/div>\n\t\t\t\t\n<style>\n#col-1702118305 > .col-inner {\n  margin: 0px 0px 0 0px;\n}\n@media (min-width:550px) {\n  #col-1702118305 > .col-inner {\n    margin: 0 0px 0px 0px;\n  }\n}\n@media (min-width:850px) {\n  #col-1702118305 > .col-inner {\n    margin: 200px 0px 200px 0px;\n  }\n}\n<\/style>\n\t<\/div>\n\n\t\n\n\t<div id=\"col-31445253\" class=\"col hide-for-medium medium-6 small-12 large-6\"  >\n\t\t\t\t<div class=\"col-inner text-right\"  >\n\t\t\t\n\t\t\t\n\n\t<div class=\"img has-hover x md-x lg-x y md-y lg-y\" id=\"image_487031151\">\n\t\t\t\t\t\t\t\t<div class=\"img-inner dark\" >\n\t\t\t<img loading=\"lazy\" decoding=\"async\" width=\"2560\" height=\"1289\" src=\"https:\/\/intpro-handelsagentur.com\/intpro-object\/wp-content\/uploads\/2023\/08\/Objekt_Bezugs-Stoffe_IntPro-object-5-scaled.jpg\" class=\"attachment-original size-original\" alt=\"\" srcset=\"https:\/\/intpro-handelsagentur.com\/intpro-object\/wp-content\/uploads\/2023\/08\/Objekt_Bezugs-Stoffe_IntPro-object-5-scaled.jpg 2560w, https:\/\/intpro-handelsagentur.com\/intpro-object\/wp-content\/uploads\/2023\/08\/Objekt_Bezugs-Stoffe_IntPro-object-5-300x151.jpg 300w, https:\/\/intpro-handelsagentur.com\/intpro-object\/wp-content\/uploads\/2023\/08\/Objekt_Bezugs-Stoffe_IntPro-object-5-1024x516.jpg 1024w, https:\/\/intpro-handelsagentur.com\/intpro-object\/wp-content\/uploads\/2023\/08\/Objekt_Bezugs-Stoffe_IntPro-object-5-768x387.jpg 768w, https:\/\/intpro-handelsagentur.com\/intpro-object\/wp-content\/uploads\/2023\/08\/Objekt_Bezugs-Stoffe_IntPro-object-5-1536x773.jpg 1536w, https:\/\/intpro-handelsagentur.com\/intpro-object\/wp-content\/uploads\/2023\/08\/Objekt_Bezugs-Stoffe_IntPro-object-5-2048x1031.jpg 2048w\" sizes=\"auto, (max-width: 2560px) 100vw, 2560px\" \/>\t\t\t\t\t\t\n\t\t\t\t\t<\/div>\n\t\t\t\t\t\t\t\t\n<style>\n#image_487031151 {\n  width: 100%;\n}\n<\/style>\n\t<\/div>\n\t\n\n\n\t\t<\/div>\n\t\t\t\t\t<\/div>\n\n\t\n\n<\/div>\n\n\t\t<\/div>\n\n\t\t\n<style>\n#section_1569244677 {\n  padding-top: 30px;\n  padding-bottom: 30px;\n  background-color: rgb(0,0,0);\n}\n<\/style>\n\t<\/section>\n\t\n\n\t<section class=\"section\" id=\"section_356982340\">\n\t\t<div class=\"section-bg fill\" >\n\t\t\t\t\t\t\t\t\t\n\t\t\t\n\n\t\t<\/div>\n\n\t\t\n\n\t\t<div class=\"section-content relative\">\n\t\t\t\n\n<div class=\"row row-full-width\"  id=\"row-1608750363\">\n\n\n\t<div id=\"col-985129879\" class=\"col medium-12 small-12 large-4\"  >\n\t\t\t\t<div class=\"col-inner\"  >\n\t\t\t\n\t\t\t\n\n<div class=\"slider-wrapper relative\" id=\"slider-522634880\" >\n    <div class=\"slider slider-nav-circle slider-nav-large slider-nav-light slider-style-normal slider-show-nav\"\n        data-flickity-options='{\n            \"cellAlign\": \"center\",\n            \"imagesLoaded\": true,\n            \"lazyLoad\": 1,\n            \"freeScroll\": false,\n            \"wrapAround\": true,\n            \"autoPlay\": 3000,\n            \"pauseAutoPlayOnHover\" : true,\n            \"prevNextButtons\": true,\n            \"contain\" : true,\n            \"adaptiveHeight\" : true,\n            \"dragThreshold\" : 10,\n            \"percentPosition\": true,\n            \"pageDots\": true,\n            \"rightToLeft\": false,\n            \"draggable\": true,\n            \"selectedAttraction\": 0.1,\n            \"parallax\" : 0,\n            \"friction\": 0.6        }'\n        >\n        \n\n\t<div class=\"img has-hover x md-x lg-x y md-y lg-y\" id=\"image_712113720\">\n\t\t\t\t\t\t\t\t<div class=\"img-inner dark\" >\n\t\t\t<img loading=\"lazy\" decoding=\"async\" width=\"1020\" height=\"765\" src=\"https:\/\/intpro-handelsagentur.com\/intpro-object\/wp-content\/uploads\/2023\/08\/Objekt_Bezugs-Stoffe_IntPro-object-1-1024x768.jpg\" class=\"attachment-large size-large\" alt=\"\" srcset=\"https:\/\/intpro-handelsagentur.com\/intpro-object\/wp-content\/uploads\/2023\/08\/Objekt_Bezugs-Stoffe_IntPro-object-1-1024x768.jpg 1024w, https:\/\/intpro-handelsagentur.com\/intpro-object\/wp-content\/uploads\/2023\/08\/Objekt_Bezugs-Stoffe_IntPro-object-1-300x225.jpg 300w, https:\/\/intpro-handelsagentur.com\/intpro-object\/wp-content\/uploads\/2023\/08\/Objekt_Bezugs-Stoffe_IntPro-object-1-768x576.jpg 768w, https:\/\/intpro-handelsagentur.com\/intpro-object\/wp-content\/uploads\/2023\/08\/Objekt_Bezugs-Stoffe_IntPro-object-1-1536x1152.jpg 1536w, https:\/\/intpro-handelsagentur.com\/intpro-object\/wp-content\/uploads\/2023\/08\/Objekt_Bezugs-Stoffe_IntPro-object-1-2048x1536.jpg 2048w\" sizes=\"auto, (max-width: 1020px) 100vw, 1020px\" \/>\t\t\t\t\t\t\n\t\t\t\t\t<\/div>\n\t\t\t\t\t\t\t\t\n<style>\n#image_712113720 {\n  width: 100%;\n}\n<\/style>\n\t<\/div>\n\t\n\n\t<div class=\"img has-hover x md-x lg-x y md-y lg-y\" id=\"image_1242562191\">\n\t\t\t\t\t\t\t\t<div class=\"img-inner dark\" >\n\t\t\t<img loading=\"lazy\" decoding=\"async\" width=\"1020\" height=\"779\" src=\"https:\/\/intpro-handelsagentur.com\/intpro-object\/wp-content\/uploads\/2023\/08\/Objekt_Bezugs-Stoffe_IntPro-object-3-1024x782.jpg\" class=\"attachment-large size-large\" alt=\"\" srcset=\"https:\/\/intpro-handelsagentur.com\/intpro-object\/wp-content\/uploads\/2023\/08\/Objekt_Bezugs-Stoffe_IntPro-object-3-1024x782.jpg 1024w, https:\/\/intpro-handelsagentur.com\/intpro-object\/wp-content\/uploads\/2023\/08\/Objekt_Bezugs-Stoffe_IntPro-object-3-300x229.jpg 300w, https:\/\/intpro-handelsagentur.com\/intpro-object\/wp-content\/uploads\/2023\/08\/Objekt_Bezugs-Stoffe_IntPro-object-3-768x586.jpg 768w, https:\/\/intpro-handelsagentur.com\/intpro-object\/wp-content\/uploads\/2023\/08\/Objekt_Bezugs-Stoffe_IntPro-object-3-1536x1173.jpg 1536w, https:\/\/intpro-handelsagentur.com\/intpro-object\/wp-content\/uploads\/2023\/08\/Objekt_Bezugs-Stoffe_IntPro-object-3.jpg 1898w\" sizes=\"auto, (max-width: 1020px) 100vw, 1020px\" \/>\t\t\t\t\t\t\n\t\t\t\t\t<\/div>\n\t\t\t\t\t\t\t\t\n<style>\n#image_1242562191 {\n  width: 100%;\n}\n<\/style>\n\t<\/div>\n\t\n\n\t<div class=\"img has-hover x md-x lg-x y md-y lg-y\" id=\"image_1235505404\">\n\t\t\t\t\t\t\t\t<div class=\"img-inner dark\" >\n\t\t\t<img loading=\"lazy\" decoding=\"async\" width=\"1020\" height=\"976\" src=\"https:\/\/intpro-handelsagentur.com\/intpro-object\/wp-content\/uploads\/2023\/08\/Objekt_Bezugs-Stoffe_IntPro-object-4-1024x980.jpg\" class=\"attachment-large size-large\" alt=\"\" srcset=\"https:\/\/intpro-handelsagentur.com\/intpro-object\/wp-content\/uploads\/2023\/08\/Objekt_Bezugs-Stoffe_IntPro-object-4-1024x980.jpg 1024w, https:\/\/intpro-handelsagentur.com\/intpro-object\/wp-content\/uploads\/2023\/08\/Objekt_Bezugs-Stoffe_IntPro-object-4-300x287.jpg 300w, https:\/\/intpro-handelsagentur.com\/intpro-object\/wp-content\/uploads\/2023\/08\/Objekt_Bezugs-Stoffe_IntPro-object-4-768x735.jpg 768w, https:\/\/intpro-handelsagentur.com\/intpro-object\/wp-content\/uploads\/2023\/08\/Objekt_Bezugs-Stoffe_IntPro-object-4-1536x1469.jpg 1536w, https:\/\/intpro-handelsagentur.com\/intpro-object\/wp-content\/uploads\/2023\/08\/Objekt_Bezugs-Stoffe_IntPro-object-4.jpg 1684w\" sizes=\"auto, (max-width: 1020px) 100vw, 1020px\" \/>\t\t\t\t\t\t\n\t\t\t\t\t<\/div>\n\t\t\t\t\t\t\t\t\n<style>\n#image_1235505404 {\n  width: 100%;\n}\n<\/style>\n\t<\/div>\n\t\n\n\n     <\/div>\n\n     <div class=\"loading-spin dark large centered\"><\/div>\n\n\t<\/div>\n\n\n\n\t\t<\/div>\n\t\t\t\t\t<\/div>\n\n\t\n\n\t<div id=\"col-1279851802\" class=\"col medium-12 small-12 large-8\"  >\n\t\t\t\t<div class=\"col-inner\"  >\n\t\t\t\n\t\t\t\n\n<div class=\"et_pb_module et_pb_text et_pb_text_2  et_pb_text_align_left et_pb_bg_layout_dark\">\n<div class=\"et_pb_text_inner\">\n<h1><span style=\"color: #12d0c7;\">Objekt-, M\u00f6bel- &amp; Bezugsstoffe<\/span><\/h1>\n<\/div>\n<\/div>\n<div class=\"et_pb_module et_pb_text et_pb_text_3  et_pb_text_align_left et_pb_bg_layout_dark\">\n<div class=\"et_pb_text_inner\">\n<p><span style=\"color: #ffffff;\">Entdecken Sie unsere exklusive Kollektion von hochwertigen Objekt-, M\u00f6bel- und Bezugsstoffen, die Ihrem M\u00f6bel oder Projekt einen Hauch von Eleganz und Komfort verleihen. Unsere Stoffe wurden sorgf\u00e4ltig ausgew\u00e4hlt, um h\u00f6chsten Anspr\u00fcchen an Qualit\u00e4t, Haltbarkeit und Stil gerecht zu werden.<\/span><\/p>\n<p><span style=\"color: #ffffff;\">Unser Sortiment umfasst eine Vielzahl von Texturen, Farben und Mustern, die es Ihnen erm\u00f6glichen, den perfekten Stoff f\u00fcr Ihre individuellen Bed\u00fcrfnisse und Vorlieben zu finden. Egal, ob Sie einen klassischen, zeitlosen Look oder einen modernen, avantgardistischen Stil bevorzugen, wir haben den passenden Stoff f\u00fcr Sie.<\/span><\/p>\n<p><span style=\"color: #ffffff;\">Unsere Objektstoffe eignen sich ideal f\u00fcr den Einsatz in Hotels, Restaurants, B\u00fcros und anderen gewerblichen Einrichtungen. Sie sind besonders strapazierf\u00e4hig, langlebig und pflegeleicht. Unsere M\u00f6belstoffe hingegen sind perfekt geeignet, um Ihren Lieblingsm\u00f6beln ein neues Leben einzuhauchen. Sie bieten nicht nur ein luxuri\u00f6ses Erscheinungsbild, sondern auch einen hervorragenden Sitzkomfort.<\/span><\/p>\n<p><span style=\"color: #ffffff;\">Dar\u00fcber hinaus bieten wir eine breite Palette von Bezugsstoffen an, die speziell f\u00fcr Polsterm\u00f6bel, Kissen und andere Dekorationsgegenst\u00e4nde entwickelt wurden. Unsere Bezugsstoffe sind weich, angenehm im Griff und gleichzeitig widerstandsf\u00e4hig gegen Abnutzung und Verschlei\u00df.<\/span><\/p>\n<p><span style=\"color: #ffffff;\">Alle unsere Stoffe werden aus hochwertigen Materialien hergestellt und unterliegen strengen Qualit\u00e4tskontrollen, um sicherzustellen, dass sie den h\u00f6chsten Standards entsprechen. Wir legen gro\u00dfen Wert auf Nachhaltigkeit und umweltfreundliche Produktion, sodass Sie unsere Stoffe mit gutem Gewissen genie\u00dfen k\u00f6nnen.<\/span><\/p>\n<p><span style=\"color: #ffffff;\">Entdecken Sie die vielf\u00e4ltigen M\u00f6glichkeiten, die Ihnen unsere Objekt-, M\u00f6bel- und Bezugsstoffe bieten, und verwandeln Sie Ihr M\u00f6bel oder Projekt in einen stilvollen und komfortablen Ort. Lassen Sie sich von unserer Kollektion inspirieren und finden Sie den perfekten Stoff, um Ihren pers\u00f6nlichen Stil zum Ausdruck zu bringen. Qualit\u00e4t, Sch\u00f6nheit und Funktionalit\u00e4t \u2013 das erwartet Sie bei unseren Stoffen.<\/span><\/p>\n<\/div>\n<\/div>\n\t<div id=\"text-3242309853\" class=\"text\">\n\t\t\n\n<div id=\"about\" class=\"et_pb_with_border et_pb_section et_pb_section_1 et_pb_with_background et_section_regular\">\n<div class=\"et_pb_row et_pb_row_1 et_pb_equal_columns et_pb_gutters3\">\n<div class=\"et_pb_column et_pb_column_1_2 et_pb_column_3  et_pb_css_mix_blend_mode_passthrough et-last-child\">\n<div class=\"et_pb_with_border et_pb_module et_pb_text et_pb_text_4  et_pb_text_align_left et_pb_bg_layout_dark\">\n<div class=\"et_pb_text_inner\">\n<blockquote>\n<p><span style=\"color: #ffffff;\"><strong>Einsatzgebiet:<\/strong>&nbsp;Kinos, Theater, Museen, Hotellerie, Gastronomie, Maritim M\u00f6bel, Loungeausstattungen.&nbsp;&nbsp;<\/span><\/p>\n<p><span style=\"color: #ffffff;\"><strong>Verwendung:<\/strong>&nbsp;Erstausstattung, Umr\u00fcstung.<\/span><\/p>\n<p><span style=\"color: #ffffff;\"><strong>Materialschutz:<\/strong>&nbsp;800.000 Zyklen (Martindale), Lichtechtheit Stufe 5-6, Brandschutz DIN 4102 B1, IMO, u.v.m. (werden auf Anfrage zur Verf\u00fcgung gestellt).&nbsp;<\/span><\/p>\n<\/blockquote>\n<\/div>\n<\/div>\n<\/div>\n<\/div>\n<\/div>\n\t\t\n<style>\n#text-3242309853 {\n  font-size: 0.95rem;\n}\n<\/style>\n\t<\/div>\n\t\n\n\t\t<\/div>\n\t\t\t\t\t<\/div>\n\n\t\n\n<\/div>\n\t<div id=\"gap-1880047189\" class=\"gap-element clearfix\" style=\"display:block; height:auto;\">\n\t\t\n<style>\n#gap-1880047189 {\n  padding-top: 110px;\n}\n<\/style>\n\t<\/div>\n\t\n\n\n\t<section class=\"section\" id=\"section_1599080024\">\n\t\t<div class=\"section-bg fill\" >\n\t\t\t<img loading=\"lazy\" decoding=\"async\" width=\"382\" height=\"298\" src=\"https:\/\/intpro-handelsagentur.com\/intpro-object\/wp-content\/uploads\/2023\/08\/Screenshot-2023-08-31-131933.png\" class=\"bg attachment- size-\" alt=\"\" \/>\t\t\t\t\t\t<div class=\"section-bg-overlay absolute fill\"><\/div>\n\t\t\t\n\n\t\t<\/div>\n\n\t\t\n\n\t\t<div class=\"section-content relative\">\n\t\t\t\n\n<div class=\"row\"  id=\"row-133646585\">\n\n\n\t<div id=\"col-428240313\" class=\"col small-12 large-12\"  >\n\t\t\t\t<div class=\"col-inner\"  >\n\t\t\t\n\t\t\t\n\n\t<div id=\"text-3050389243\" class=\"text\">\n\t\t\n\n<h2><span style=\"font-size: 170%;\">Kontaktanfrage<\/span><\/h2>\n<p>\u00a0<\/p>\n<p>Offene Fragen gibt es bei uns nicht, daher stehen wir Ihnen unkompliziert zur Verf\u00fcgung:<\/p>\n<p>Unsere B\u00fcrozeiten<\/p>\n<p>Montag bis Donnerstag: von 08:30 bis 15:30 Uhr<br \/>Freitag: von 08:30 bis 12:30 Uhr<\/p>\n<p>oder pers\u00f6nlich nach Terminabstimmung.<\/p>\n\t\t\n<style>\n#text-3050389243 {\n  text-align: center;\n  color: #ffffff;\n}\n#text-3050389243 > * {\n  color: #ffffff;\n}\n<\/style>\n\t<\/div>\n\t\n\n\t\t<\/div>\n\t\t\t\t\t<\/div>\n\n\t\n\n<\/div>\n<div class=\"row\"  id=\"row-1910799463\">\n\n\n\t<div id=\"col-901401382\" class=\"col medium-4 small-12 large-4\"  >\n\t\t\t\t<div class=\"col-inner\"  >\n\t\t\t\n\t\t\t\n\n\n\t<a class=\"plain\" href=\"mailto:info@IntPro-object.com\" >\t<div class=\"icon-box featured-box icon-box-center text-center\"  >\n\t\t\t\t\t<div class=\"icon-box-img\" style=\"width: 135px\">\n\t\t\t\t<div class=\"icon\">\n\t\t\t\t\t<div class=\"icon-inner\" >\n\t\t\t\t\t\t<img loading=\"lazy\" decoding=\"async\" width=\"300\" height=\"300\" src=\"https:\/\/intpro-handelsagentur.com\/intpro-object\/wp-content\/uploads\/2023\/09\/mail-1-300x300.png\" class=\"attachment-medium size-medium\" alt=\"\" srcset=\"https:\/\/intpro-handelsagentur.com\/intpro-object\/wp-content\/uploads\/2023\/09\/mail-1-300x300.png 300w, https:\/\/intpro-handelsagentur.com\/intpro-object\/wp-content\/uploads\/2023\/09\/mail-1-150x150.png 150w, https:\/\/intpro-handelsagentur.com\/intpro-object\/wp-content\/uploads\/2023\/09\/mail-1-768x768.png 768w, https:\/\/intpro-handelsagentur.com\/intpro-object\/wp-content\/uploads\/2023\/09\/mail-1.png 1024w\" sizes=\"auto, (max-width: 300px) 100vw, 300px\" \/>\t\t\t\t\t<\/div>\n\t\t\t\t<\/div>\n\t\t\t<\/div>\n\t\t\t\t<div class=\"icon-box-text last-reset\">\n\t\t\t\t\t\t\t\t\t\n\n\t<div id=\"text-4167491945\" class=\"text\">\n\t\t\n\n<h3>E-Mail<\/h3>\n<p>info@IntPro-object.com <\/p>\n\t\t\n<style>\n#text-4167491945 {\n  color: rgb(255,255,255);\n}\n#text-4167491945 > * {\n  color: rgb(255,255,255);\n}\n<\/style>\n\t<\/div>\n\t\n\n\t\t<\/div>\n\t<\/div>\n\t<\/a>\n\t\n\n\t\t<\/div>\n\t\t\t\t\t<\/div>\n\n\t\n\n\t<div id=\"col-1325887146\" class=\"col medium-4 small-12 large-4\"  >\n\t\t\t\t<div class=\"col-inner\"  >\n\t\t\t\n\t\t\t\n\n\n\t<a class=\"plain\" href=\"tel:+4952116393053\" >\t<div class=\"icon-box featured-box icon-box-center text-center\"  >\n\t\t\t\t\t<div class=\"icon-box-img\" style=\"width: 135px\">\n\t\t\t\t<div class=\"icon\">\n\t\t\t\t\t<div class=\"icon-inner\" >\n\t\t\t\t\t\t<img loading=\"lazy\" decoding=\"async\" width=\"300\" height=\"300\" src=\"https:\/\/intpro-handelsagentur.com\/intpro-object\/wp-content\/uploads\/2023\/09\/phone-1-300x300.png\" class=\"attachment-medium size-medium\" alt=\"\" srcset=\"https:\/\/intpro-handelsagentur.com\/intpro-object\/wp-content\/uploads\/2023\/09\/phone-1-300x300.png 300w, https:\/\/intpro-handelsagentur.com\/intpro-object\/wp-content\/uploads\/2023\/09\/phone-1-150x150.png 150w, https:\/\/intpro-handelsagentur.com\/intpro-object\/wp-content\/uploads\/2023\/09\/phone-1-768x768.png 768w, https:\/\/intpro-handelsagentur.com\/intpro-object\/wp-content\/uploads\/2023\/09\/phone-1.png 1024w\" sizes=\"auto, (max-width: 300px) 100vw, 300px\" \/>\t\t\t\t\t<\/div>\n\t\t\t\t<\/div>\n\t\t\t<\/div>\n\t\t\t\t<div class=\"icon-box-text last-reset\">\n\t\t\t\t\t\t\t\t\t\n\n\t<div id=\"text-659432606\" class=\"text\">\n\t\t\n\n<h3>Telefon<\/h3>\n<p>+49 (0) 521 1639305 3<\/p>\n\t\t\n<style>\n#text-659432606 {\n  color: rgb(255,255,255);\n}\n#text-659432606 > * {\n  color: rgb(255,255,255);\n}\n<\/style>\n\t<\/div>\n\t\n\n\t\t<\/div>\n\t<\/div>\n\t<\/a>\n\t\n\n\t\t<\/div>\n\t\t\t\t\t<\/div>\n\n\t\n\n\t<div id=\"col-1449672507\" class=\"col medium-4 small-12 large-4\"  >\n\t\t\t\t<div class=\"col-inner\"  >\n\t\t\t\n\t\t\t\n\n\n\t<a class=\"plain\" href=\"https:\/\/maps.app.goo.gl\/5tRfD2wAZyTFM5gC8\" target=\"_blank\" rel=\"noopener\" >\t<div class=\"icon-box featured-box icon-box-center text-center\"  >\n\t\t\t\t\t<div class=\"icon-box-img\" style=\"width: 135px\">\n\t\t\t\t<div class=\"icon\">\n\t\t\t\t\t<div class=\"icon-inner\" >\n\t\t\t\t\t\t<img loading=\"lazy\" decoding=\"async\" width=\"300\" height=\"300\" src=\"https:\/\/intpro-handelsagentur.com\/intpro-object\/wp-content\/uploads\/2023\/09\/hotel-1-300x300.png\" class=\"attachment-medium size-medium\" alt=\"\" srcset=\"https:\/\/intpro-handelsagentur.com\/intpro-object\/wp-content\/uploads\/2023\/09\/hotel-1-300x300.png 300w, https:\/\/intpro-handelsagentur.com\/intpro-object\/wp-content\/uploads\/2023\/09\/hotel-1-150x150.png 150w, https:\/\/intpro-handelsagentur.com\/intpro-object\/wp-content\/uploads\/2023\/09\/hotel-1-768x768.png 768w, https:\/\/intpro-handelsagentur.com\/intpro-object\/wp-content\/uploads\/2023\/09\/hotel-1.png 1024w\" sizes=\"auto, (max-width: 300px) 100vw, 300px\" \/>\t\t\t\t\t<\/div>\n\t\t\t\t<\/div>\n\t\t\t<\/div>\n\t\t\t\t<div class=\"icon-box-text last-reset\">\n\t\t\t\t\t\t\t\t\t\n\n\t<div id=\"text-3333128008\" class=\"text\">\n\t\t\n\n<h3>B\u00fcro<\/h3>\n<p>B\u00f6ttcherstr.7 <br \/>\nDE-33609 Bielefeld<\/p>\n\t\t\n<style>\n#text-3333128008 {\n  color: rgb(255,255,255);\n}\n#text-3333128008 > * {\n  color: rgb(255,255,255);\n}\n<\/style>\n\t<\/div>\n\t\n\n\t\t<\/div>\n\t<\/div>\n\t<\/a>\n\t\n\n\t\t<\/div>\n\t\t\t\t\t<\/div>\n\n\t\n\n<\/div>\n\n\n\t\t<\/div>\n\n\t\t\n<style>\n#section_1599080024 {\n  padding-top: 30px;\n  padding-bottom: 30px;\n}\n#section_1599080024 .section-bg-overlay {\n  background-color: rgba(0, 0, 0, 0.855);\n}\n#section_1599080024 .section-bg img {\n  object-position: 100% 0%;\n}\n<\/style>\n\t<\/section>\n\t\n\n\n\t\t<\/div>\n\n\t\t\n<style>\n#section_356982340 {\n  padding-top: 30px;\n  padding-bottom: 30px;\n  background-color: rgb(0,0,0);\n}\n<\/style>\n\t<\/section>\n\t\n\n","protected":false},"excerpt":{"rendered":"","protected":false},"author":1,"featured_media":0,"parent":0,"menu_order":0,"comment_status":"closed","ping_status":"closed","template":"page-blank.php","meta":{"footnotes":""},"class_list":["post-1996","page","type-page","status-publish","hentry"],"yoast_head":"<!-- This site is optimized with the Yoast SEO plugin v27.1.1 - https:\/\/yoast.com\/product\/yoast-seo-wordpress\/ -->\n<title>Objektstoffe - Intpro Object<\/title>\n<meta name=\"description\" content=\"Unsere Vision ist Ihre Chance. Die Agentur in OWL f\u00fcr moderne, preiswerte und responsive Websites.\" \/>\n<meta name=\"robots\" content=\"index, follow, max-snippet:-1, max-image-preview:large, max-video-preview:-1\" \/>\n<link rel=\"canonical\" href=\"https:\/\/intpro-handelsagentur.com\/intpro-object\/objektstoffe\/\" \/>\n<meta property=\"og:locale\" content=\"de_DE\" \/>\n<meta property=\"og:type\" content=\"article\" \/>\n<meta property=\"og:title\" content=\"Objektstoffe - Intpro Object\" \/>\n<meta property=\"og:description\" content=\"Unsere Vision ist Ihre Chance. Die Agentur in OWL f\u00fcr moderne, preiswerte und responsive Websites.\" \/>\n<meta property=\"og:url\" content=\"https:\/\/intpro-handelsagentur.com\/intpro-object\/objektstoffe\/\" \/>\n<meta property=\"og:site_name\" content=\"Intpro Object\" \/>\n<meta property=\"article:modified_time\" content=\"2023-10-05T10:29:10+00:00\" \/>\n<meta name=\"twitter:card\" content=\"summary_large_image\" \/>\n<meta name=\"twitter:label1\" content=\"Gesch\u00e4tzte Lesezeit\" \/>\n\t<meta name=\"twitter:data1\" content=\"2\u00a0Minuten\" \/>\n<script type=\"application\/ld+json\" class=\"yoast-schema-graph\">{\"@context\":\"https:\/\/schema.org\",\"@graph\":[{\"@type\":\"WebPage\",\"@id\":\"https:\/\/intpro-handelsagentur.com\/intpro-object\/objektstoffe\/\",\"url\":\"https:\/\/intpro-handelsagentur.com\/intpro-object\/objektstoffe\/\",\"name\":\"Objektstoffe - Intpro Object\",\"isPartOf\":{\"@id\":\"https:\/\/intpro-handelsagentur.com\/intpro-object\/#website\"},\"datePublished\":\"2023-08-31T13:32:50+00:00\",\"dateModified\":\"2023-10-05T10:29:10+00:00\",\"description\":\"Unsere Vision ist Ihre Chance. Die Agentur in OWL f\u00fcr moderne, preiswerte und responsive Websites.\",\"breadcrumb\":{\"@id\":\"https:\/\/intpro-handelsagentur.com\/intpro-object\/objektstoffe\/#breadcrumb\"},\"inLanguage\":\"de\",\"potentialAction\":[{\"@type\":\"ReadAction\",\"target\":[\"https:\/\/intpro-handelsagentur.com\/intpro-object\/objektstoffe\/\"]}]},{\"@type\":\"BreadcrumbList\",\"@id\":\"https:\/\/intpro-handelsagentur.com\/intpro-object\/objektstoffe\/#breadcrumb\",\"itemListElement\":[{\"@type\":\"ListItem\",\"position\":1,\"name\":\"Startseite\",\"item\":\"https:\/\/intpro-handelsagentur.com\/intpro-object\/\"},{\"@type\":\"ListItem\",\"position\":2,\"name\":\"Objektstoffe\"}]},{\"@type\":\"WebSite\",\"@id\":\"https:\/\/intpro-handelsagentur.com\/intpro-object\/#website\",\"url\":\"https:\/\/intpro-handelsagentur.com\/intpro-object\/\",\"name\":\"Intpro Object\",\"description\":\"\",\"potentialAction\":[{\"@type\":\"SearchAction\",\"target\":{\"@type\":\"EntryPoint\",\"urlTemplate\":\"https:\/\/intpro-handelsagentur.com\/intpro-object\/?s={search_term_string}\"},\"query-input\":{\"@type\":\"PropertyValueSpecification\",\"valueRequired\":true,\"valueName\":\"search_term_string\"}}],\"inLanguage\":\"de\"}]}<\/script>\n<!-- \/ Yoast SEO plugin. -->","yoast_head_json":{"title":"Objektstoffe - Intpro Object","description":"Unsere Vision ist Ihre Chance. Die Agentur in OWL f\u00fcr moderne, preiswerte und responsive Websites.","robots":{"index":"index","follow":"follow","max-snippet":"max-snippet:-1","max-image-preview":"max-image-preview:large","max-video-preview":"max-video-preview:-1"},"canonical":"https:\/\/intpro-handelsagentur.com\/intpro-object\/objektstoffe\/","og_locale":"de_DE","og_type":"article","og_title":"Objektstoffe - Intpro Object","og_description":"Unsere Vision ist Ihre Chance. Die Agentur in OWL f\u00fcr moderne, preiswerte und responsive Websites.","og_url":"https:\/\/intpro-handelsagentur.com\/intpro-object\/objektstoffe\/","og_site_name":"Intpro Object","article_modified_time":"2023-10-05T10:29:10+00:00","twitter_card":"summary_large_image","twitter_misc":{"Gesch\u00e4tzte Lesezeit":"2\u00a0Minuten"},"schema":{"@context":"https:\/\/schema.org","@graph":[{"@type":"WebPage","@id":"https:\/\/intpro-handelsagentur.com\/intpro-object\/objektstoffe\/","url":"https:\/\/intpro-handelsagentur.com\/intpro-object\/objektstoffe\/","name":"Objektstoffe - Intpro Object","isPartOf":{"@id":"https:\/\/intpro-handelsagentur.com\/intpro-object\/#website"},"datePublished":"2023-08-31T13:32:50+00:00","dateModified":"2023-10-05T10:29:10+00:00","description":"Unsere Vision ist Ihre Chance. Die Agentur in OWL f\u00fcr moderne, preiswerte und responsive Websites.","breadcrumb":{"@id":"https:\/\/intpro-handelsagentur.com\/intpro-object\/objektstoffe\/#breadcrumb"},"inLanguage":"de","potentialAction":[{"@type":"ReadAction","target":["https:\/\/intpro-handelsagentur.com\/intpro-object\/objektstoffe\/"]}]},{"@type":"BreadcrumbList","@id":"https:\/\/intpro-handelsagentur.com\/intpro-object\/objektstoffe\/#breadcrumb","itemListElement":[{"@type":"ListItem","position":1,"name":"Startseite","item":"https:\/\/intpro-handelsagentur.com\/intpro-object\/"},{"@type":"ListItem","position":2,"name":"Objektstoffe"}]},{"@type":"WebSite","@id":"https:\/\/intpro-handelsagentur.com\/intpro-object\/#website","url":"https:\/\/intpro-handelsagentur.com\/intpro-object\/","name":"Intpro Object","description":"","potentialAction":[{"@type":"SearchAction","target":{"@type":"EntryPoint","urlTemplate":"https:\/\/intpro-handelsagentur.com\/intpro-object\/?s={search_term_string}"},"query-input":{"@type":"PropertyValueSpecification","valueRequired":true,"valueName":"search_term_string"}}],"inLanguage":"de"}]}},"_links":{"self":[{"href":"https:\/\/intpro-handelsagentur.com\/intpro-object\/wp-json\/wp\/v2\/pages\/1996","targetHints":{"allow":["GET"]}}],"collection":[{"href":"https:\/\/intpro-handelsagentur.com\/intpro-object\/wp-json\/wp\/v2\/pages"}],"about":[{"href":"https:\/\/intpro-handelsagentur.com\/intpro-object\/wp-json\/wp\/v2\/types\/page"}],"author":[{"embeddable":true,"href":"https:\/\/intpro-handelsagentur.com\/intpro-object\/wp-json\/wp\/v2\/users\/1"}],"replies":[{"embeddable":true,"href":"https:\/\/intpro-handelsagentur.com\/intpro-object\/wp-json\/wp\/v2\/comments?post=1996"}],"version-history":[{"count":9,"href":"https:\/\/intpro-handelsagentur.com\/intpro-object\/wp-json\/wp\/v2\/pages\/1996\/revisions"}],"predecessor-version":[{"id":2260,"href":"https:\/\/intpro-handelsagentur.com\/intpro-object\/wp-json\/wp\/v2\/pages\/1996\/revisions\/2260"}],"wp:attachment":[{"href":"https:\/\/intpro-handelsagentur.com\/intpro-object\/wp-json\/wp\/v2\/media?parent=1996"}],"curies":[{"name":"wp","href":"https:\/\/api.w.org\/{rel}","templated":true}]}}