{"id":1854,"date":"2023-08-07T16:14:26","date_gmt":"2023-08-07T14:14:26","guid":{"rendered":"http:\/\/intpro-handelsagentur.com\/intpro-mobility\/?page_id=1854"},"modified":"2024-12-04T19:55:28","modified_gmt":"2024-12-04T18:55:28","slug":"impressum","status":"publish","type":"page","link":"https:\/\/intpro-handelsagentur.com\/intpro-mobility\/impressum\/","title":{"rendered":"Impressum"},"content":{"rendered":"\n\n\t<section class=\"section\" id=\"section_779852113\">\n\t\t<div class=\"section-bg fill\" >\n\t\t\t\t\t\t\t\t\t\n\t\t\t\n\n\t\t<\/div>\n\n\t\t\n\n\t\t<div class=\"section-content relative\">\n\t\t\t\n\n<div class=\"row row-full-width\"  id=\"row-703594698\">\n\n\n\t<div id=\"col-839164182\" class=\"col medium-6 small-12 large-6\"  >\n\t\t\t\t<div class=\"col-inner text-left\"  >\n\t\t\t\n\t\t\t\n\n\t<div id=\"text-2475418784\" class=\"text\">\n\t\t\n\n<h3><span style=\"color: #ffffff;\">Rechtliches<\/span><\/h3>\n\t\t\n<style>\n#text-2475418784 {\n  font-size: 1.3rem;\n}\n<\/style>\n\t<\/div>\n\t\n<div class=\"is-divider divider clearfix\" style=\"max-width:241px;background-color:rgb(255, 255, 255);\"><\/div>\n\n\t<div id=\"text-191834333\" class=\"text\">\n\t\t\n\n<h1><span style=\"color: #ffffff;\">Impressum<br><\/span><\/h1>\n\t\t\n<style>\n#text-191834333 {\n  font-size: 2.3rem;\n}\n<\/style>\n\t<\/div>\n\t\n\n\t\t<\/div>\n\t\t\t\t\n<style>\n#col-839164182 > .col-inner {\n  margin: 200px 0px 200px 0px;\n}\n<\/style>\n\t<\/div>\n\n\t\n\n\t<div id=\"col-1820791882\" class=\"col medium-6 small-12 large-6\"  >\n\t\t\t\t<div class=\"col-inner\"  >\n\t\t\t\n\t\t\t\n\n<div>\n<h1><span style=\"color: #ffffff;\">Impressum<\/span><\/h1>\n<h2><span style=\"color: #ffffff;\">Angaben gem\u00e4\u00df \u00a7 5 TMG<\/span><\/h2>\n<p><span style=\"color: #ffffff;\">IntPro-Handelsagentur e.K.<br \/><\/span><span style=\"color: #ffffff;\">IntPro-mobility &amp; IntPro-object<\/span><br \/><span style=\"color: #ffffff;\">Inh.: Andr\u00e9 Schuster<\/span><br \/><span style=\"color: #ffffff;\">B\u00f6ttcherstr.7 <\/span><br \/><span style=\"color: #ffffff;\">DE-33609 Bielefeld<\/span><\/p>\n<p><span style=\"color: #ffffff;\">Handelsregister: HRA 17151<\/span><br \/><span style=\"color: #ffffff;\">Registergericht: Amtsgericht Bielefeld<\/span><\/p>\n<h2><span style=\"color: #ffffff;\">Kontakt<\/span><\/h2>\n<p><span style=\"color: #ffffff;\">Telefon: <span style=\"color: #ffff00;\"><a style=\"color: #ffff00;\" href=\"tel:+4952116393051\">+49 (0) 521 1639305 1<\/a><\/span><\/span><br \/><span style=\"color: #ffffff;\">E-Mail: <span style=\"color: #ffff00;\"><a style=\"color: #ffff00;\" href=\"mailto:info@IntPro-mobility.com\">info@IntPro-mobility.com<\/a><\/span>, <span style=\"color: #ffff00;\"><a style=\"color: #ffff00;\" href=\"mailto:info@IntPro-object.com\">info@IntPro-object.com<\/a><\/span><\/span><\/p>\n<h2><span style=\"color: #ffffff;\">Umsatzsteuer-ID<\/span><\/h2>\n<p><span style=\"color: #ffffff;\">Umsatzsteuer-Identifikationsnummer gem\u00e4\u00df \u00a7 27 a Umsatzsteuergesetz:<\/span><br \/><span style=\"color: #ffffff;\">DE351972115<\/span><\/p>\n<h2><span style=\"color: #ffffff;\">EU-Streitschlichtung<\/span><\/h2>\n<p><span style=\"color: #ffffff;\">Die Europ\u00e4ische Kommission stellt eine Plattform zur Online-Streitbeilegung (OS) bereit:\u00a0<a style=\"color: #ffffff;\" href=\"https:\/\/ec.europa.eu\/consumers\/odr\/\" target=\"_blank\" rel=\"noopener noreferrer\">https:\/\/ec.europa.eu\/consumers\/odr\/<\/a>.<\/span><br \/><span style=\"color: #ffffff;\">Unsere E-Mail-Adresse finden Sie oben im Impressum.<\/span><\/p>\n<h2><span style=\"color: #ffffff;\">Verbraucher\u00adstreit\u00adbeilegung\/Universal\u00adschlichtungs\u00adstelle<\/span><\/h2>\n<p><span style=\"color: #ffffff;\">Wir sind nicht bereit oder verpflichtet, an Streitbeilegungsverfahren vor einer Verbraucherschlichtungsstelle teilzunehmen.<\/span><\/p>\n<\/div>\n<p>\u00a0<\/p>\n<p><span style=\"color: #ffffff;\">___<\/span><\/p>\n<p><span style=\"color: #ffffff;\">Haftungsausschluss<\/span><\/p>\n<p><span style=\"color: #ffffff;\">Wir \u00fcbernehmen keine Gew\u00e4hr f\u00fcr die Aktualit\u00e4t, Korrektheit, Vollst\u00e4ndigkeit oder Qualit\u00e4t der zur Verf\u00fcgung gestellten Informationen.<\/span><\/p>\n<p><span style=\"color: #ffffff;\">Haftungsanspr\u00fcche gegen und, welche sich auf Sch\u00e4den beziehen, die durch die Nutzung oder Nichtnutzung der dargebotenen Informationen bzw. durch die Nutzung fehlerhafter und unvollst\u00e4ndiger Informationen verursacht wurden, sind grunds\u00e4tzlich ausgeschlossen, sofern gegen uns kein nachweislich vors\u00e4tzliches oder grob fahrl\u00e4ssiges Verschulden vorliegt.<\/span><\/p>\n<p><span style=\"color: #ffffff;\">Urheberrecht<\/span><\/p>\n<p><span style=\"color: #ffffff;\">Wir sind bestrebt, in allen Publikationen geltende Urheberrechte zu beachten. Sollte es trotzdem zu einer Urheberrechtsverletzung kommen, werden wir das entsprechende Objekt nach Benachrichtigung aus seiner Publikation entfernen bzw. mit dem entsprechenden Urheberrecht kenntlich machen.<\/span><\/p>\n<p><span style=\"color: #ffffff;\">Alle innerhalb des Internetangebots genannten und gegebenenfalls durch Dritte gesch\u00fctzten Marken- und Warenzeichen unterliegen uneingeschr\u00e4nkt den Bestimmungen des jeweils g\u00fcltigen Kennzeichenrechts und den Besitzrechten der jeweiligen eingetragenen Eigent\u00fcmer. Allein aufgrund der blo\u00dfen Nennung ist nicht der Schluss zu ziehen, dass Markenzeichen nicht durch Rechte Dritter gesch\u00fctzt sind.<\/span><\/p>\n<p><span style=\"color: #ffffff;\">Das Urheberecht f\u00fcr die eigenen Inhalte von uns auf den von uns betriebenen Domains steht allein uns zu. Eine Vervielf\u00e4ltigung solcher Grafiken, Sounds oder Texte in anderen elektronischen oder gedruckten Publikationen ist ohne ausdr\u00fcckliche Zustimmung von uns nicht gestattet.<\/span><\/p>\n<p><span style=\"color: #ffffff;\">Rechtswirksamkeit<\/span><\/p>\n<p><span style=\"color: #ffffff;\">Dieser Haftungsausschluss ist als Teil des Internetangebotes zu betrachten, von dem aus auf diese Seite verwiesen wurde. Sofern Teile oder einzelne Formulierungen dieses Textes der geltenden Rechtslage nicht, nicht mehr oder nicht vollst\u00e4ndig entsprechen sollten, bleiben die \u00fcbrigen Teile des Dokumentes in ihrem Inhalt und ihrer G\u00fcltigkeit hiervon unber\u00fchrt.<\/span><\/p>\n\n\n\t\t<\/div>\n\t\t\t\t\t<\/div>\n\n\t\n\n<\/div>\n\n\t\t<\/div>\n\n\t\t\n<style>\n#section_779852113 {\n  padding-top: 30px;\n  padding-bottom: 30px;\n  background-color: rgb(0,0,0);\n}\n<\/style>\n\t<\/section>\n\t\n\n\t<section class=\"section\" id=\"section_1279212469\">\n\t\t<div class=\"section-bg fill\" >\n\t\t\t\t\t\t\t\t\t\n\t\t\t\n\n\t\t<\/div>\n\n\t\t\n\n\t\t<div class=\"section-content relative\">\n\t\t\t\n\n\t<div id=\"gap-1777485776\" class=\"gap-element clearfix\" style=\"display:block; height:auto;\">\n\t\t\n<style>\n#gap-1777485776 {\n  padding-top: 110px;\n}\n<\/style>\n\t<\/div>\n\t\n\n\n\t\t<\/div>\n\n\t\t\n<style>\n#section_1279212469 {\n  padding-top: 30px;\n  padding-bottom: 30px;\n  background-color: rgb(0,0,0);\n}\n<\/style>\n\t<\/section>\n\t\n\n","protected":false},"excerpt":{"rendered":"","protected":false},"author":1,"featured_media":0,"parent":0,"menu_order":0,"comment_status":"closed","ping_status":"closed","template":"page-blank.php","meta":{"footnotes":""},"class_list":["post-1854","page","type-page","status-publish","hentry"],"yoast_head":"<!-- This site is optimized with the Yoast SEO plugin v27.1.1 - https:\/\/yoast.com\/product\/yoast-seo-wordpress\/ -->\n<title>Impressum - Intpro Mobility<\/title>\n<meta name=\"description\" content=\"Unsere Vision ist Ihre Chance. Die Agentur in OWL f\u00fcr moderne, preiswerte und responsive Websites.\" \/>\n<meta name=\"robots\" content=\"index, follow, max-snippet:-1, max-image-preview:large, max-video-preview:-1\" \/>\n<link rel=\"canonical\" href=\"https:\/\/intpro-handelsagentur.com\/intpro-mobility\/impressum\/\" \/>\n<meta property=\"og:locale\" content=\"de_DE\" \/>\n<meta property=\"og:type\" content=\"article\" \/>\n<meta property=\"og:title\" content=\"Impressum - Intpro Mobility\" \/>\n<meta property=\"og:description\" content=\"Unsere Vision ist Ihre Chance. Die Agentur in OWL f\u00fcr moderne, preiswerte und responsive Websites.\" \/>\n<meta property=\"og:url\" content=\"https:\/\/intpro-handelsagentur.com\/intpro-mobility\/impressum\/\" \/>\n<meta property=\"og:site_name\" content=\"Intpro Mobility\" \/>\n<meta property=\"article:modified_time\" content=\"2024-12-04T18:55:28+00:00\" \/>\n<meta name=\"twitter:card\" content=\"summary_large_image\" \/>\n<meta name=\"twitter:label1\" content=\"Gesch\u00e4tzte Lesezeit\" \/>\n\t<meta name=\"twitter:data1\" content=\"2\u00a0Minuten\" \/>\n<script type=\"application\/ld+json\" class=\"yoast-schema-graph\">{\"@context\":\"https:\/\/schema.org\",\"@graph\":[{\"@type\":\"WebPage\",\"@id\":\"https:\/\/intpro-handelsagentur.com\/intpro-mobility\/impressum\/\",\"url\":\"https:\/\/intpro-handelsagentur.com\/intpro-mobility\/impressum\/\",\"name\":\"Impressum - Intpro Mobility\",\"isPartOf\":{\"@id\":\"https:\/\/intpro-handelsagentur.com\/intpro-mobility\/#website\"},\"datePublished\":\"2023-08-07T14:14:26+00:00\",\"dateModified\":\"2024-12-04T18:55:28+00:00\",\"description\":\"Unsere Vision ist Ihre Chance. Die Agentur in OWL f\u00fcr moderne, preiswerte und responsive Websites.\",\"breadcrumb\":{\"@id\":\"https:\/\/intpro-handelsagentur.com\/intpro-mobility\/impressum\/#breadcrumb\"},\"inLanguage\":\"de\",\"potentialAction\":[{\"@type\":\"ReadAction\",\"target\":[\"https:\/\/intpro-handelsagentur.com\/intpro-mobility\/impressum\/\"]}]},{\"@type\":\"BreadcrumbList\",\"@id\":\"https:\/\/intpro-handelsagentur.com\/intpro-mobility\/impressum\/#breadcrumb\",\"itemListElement\":[{\"@type\":\"ListItem\",\"position\":1,\"name\":\"Startseite\",\"item\":\"https:\/\/intpro-handelsagentur.com\/intpro-mobility\/\"},{\"@type\":\"ListItem\",\"position\":2,\"name\":\"Impressum\"}]},{\"@type\":\"WebSite\",\"@id\":\"https:\/\/intpro-handelsagentur.com\/intpro-mobility\/#website\",\"url\":\"https:\/\/intpro-handelsagentur.com\/intpro-mobility\/\",\"name\":\"Intpro Mobility\",\"description\":\"\",\"potentialAction\":[{\"@type\":\"SearchAction\",\"target\":{\"@type\":\"EntryPoint\",\"urlTemplate\":\"https:\/\/intpro-handelsagentur.com\/intpro-mobility\/?s={search_term_string}\"},\"query-input\":{\"@type\":\"PropertyValueSpecification\",\"valueRequired\":true,\"valueName\":\"search_term_string\"}}],\"inLanguage\":\"de\"}]}<\/script>\n<!-- \/ Yoast SEO plugin. -->","yoast_head_json":{"title":"Impressum - Intpro Mobility","description":"Unsere Vision ist Ihre Chance. Die Agentur in OWL f\u00fcr moderne, preiswerte und responsive Websites.","robots":{"index":"index","follow":"follow","max-snippet":"max-snippet:-1","max-image-preview":"max-image-preview:large","max-video-preview":"max-video-preview:-1"},"canonical":"https:\/\/intpro-handelsagentur.com\/intpro-mobility\/impressum\/","og_locale":"de_DE","og_type":"article","og_title":"Impressum - Intpro Mobility","og_description":"Unsere Vision ist Ihre Chance. Die Agentur in OWL f\u00fcr moderne, preiswerte und responsive Websites.","og_url":"https:\/\/intpro-handelsagentur.com\/intpro-mobility\/impressum\/","og_site_name":"Intpro Mobility","article_modified_time":"2024-12-04T18:55:28+00:00","twitter_card":"summary_large_image","twitter_misc":{"Gesch\u00e4tzte Lesezeit":"2\u00a0Minuten"},"schema":{"@context":"https:\/\/schema.org","@graph":[{"@type":"WebPage","@id":"https:\/\/intpro-handelsagentur.com\/intpro-mobility\/impressum\/","url":"https:\/\/intpro-handelsagentur.com\/intpro-mobility\/impressum\/","name":"Impressum - Intpro Mobility","isPartOf":{"@id":"https:\/\/intpro-handelsagentur.com\/intpro-mobility\/#website"},"datePublished":"2023-08-07T14:14:26+00:00","dateModified":"2024-12-04T18:55:28+00:00","description":"Unsere Vision ist Ihre Chance. Die Agentur in OWL f\u00fcr moderne, preiswerte und responsive Websites.","breadcrumb":{"@id":"https:\/\/intpro-handelsagentur.com\/intpro-mobility\/impressum\/#breadcrumb"},"inLanguage":"de","potentialAction":[{"@type":"ReadAction","target":["https:\/\/intpro-handelsagentur.com\/intpro-mobility\/impressum\/"]}]},{"@type":"BreadcrumbList","@id":"https:\/\/intpro-handelsagentur.com\/intpro-mobility\/impressum\/#breadcrumb","itemListElement":[{"@type":"ListItem","position":1,"name":"Startseite","item":"https:\/\/intpro-handelsagentur.com\/intpro-mobility\/"},{"@type":"ListItem","position":2,"name":"Impressum"}]},{"@type":"WebSite","@id":"https:\/\/intpro-handelsagentur.com\/intpro-mobility\/#website","url":"https:\/\/intpro-handelsagentur.com\/intpro-mobility\/","name":"Intpro Mobility","description":"","potentialAction":[{"@type":"SearchAction","target":{"@type":"EntryPoint","urlTemplate":"https:\/\/intpro-handelsagentur.com\/intpro-mobility\/?s={search_term_string}"},"query-input":{"@type":"PropertyValueSpecification","valueRequired":true,"valueName":"search_term_string"}}],"inLanguage":"de"}]}},"_links":{"self":[{"href":"https:\/\/intpro-handelsagentur.com\/intpro-mobility\/wp-json\/wp\/v2\/pages\/1854","targetHints":{"allow":["GET"]}}],"collection":[{"href":"https:\/\/intpro-handelsagentur.com\/intpro-mobility\/wp-json\/wp\/v2\/pages"}],"about":[{"href":"https:\/\/intpro-handelsagentur.com\/intpro-mobility\/wp-json\/wp\/v2\/types\/page"}],"author":[{"embeddable":true,"href":"https:\/\/intpro-handelsagentur.com\/intpro-mobility\/wp-json\/wp\/v2\/users\/1"}],"replies":[{"embeddable":true,"href":"https:\/\/intpro-handelsagentur.com\/intpro-mobility\/wp-json\/wp\/v2\/comments?post=1854"}],"version-history":[{"count":6,"href":"https:\/\/intpro-handelsagentur.com\/intpro-mobility\/wp-json\/wp\/v2\/pages\/1854\/revisions"}],"predecessor-version":[{"id":2330,"href":"https:\/\/intpro-handelsagentur.com\/intpro-mobility\/wp-json\/wp\/v2\/pages\/1854\/revisions\/2330"}],"wp:attachment":[{"href":"https:\/\/intpro-handelsagentur.com\/intpro-mobility\/wp-json\/wp\/v2\/media?parent=1854"}],"curies":[{"name":"wp","href":"https:\/\/api.w.org\/{rel}","templated":true}]}}

<section class="section" id="section_779852113">
		<div class="section-bg fill" >
									
			

		</div>

		

		<div class="section-content relative">
			

<div class="row row-full-width"  id="row-703594698">


	<div id="col-839164182" class="col medium-6 small-12 large-6"  >
				<div class="col-inner text-left"  >
			
			

	<div id="text-2475418784" class="text">
		

<h3><span style="color: #ffffff;">Rechtliches</span></h3>
		
<style>
#text-2475418784 {
  font-size: 1.3rem;
}
</style>
	</div>
	
<div class="is-divider divider clearfix" style="max-width:241px;background-color:rgb(255, 255, 255);"></div>

	<div id="text-191834333" class="text">
		

<h1><span style="color: #ffffff;">Impressum<br></span></h1>
		
<style>
#text-191834333 {
  font-size: 2.3rem;
}
</style>
	</div>
	

		</div>
				
<style>
#col-839164182 > .col-inner {
  margin: 200px 0px 200px 0px;
}
</style>
	</div>

	

	<div id="col-1820791882" class="col medium-6 small-12 large-6"  >
				<div class="col-inner"  >
			
			

<div>
<h1><span style="color: #ffffff;">Impressum</span></h1>
<h2><span style="color: #ffffff;">Angaben gemäß § 5 TMG</span></h2>
<p><span style="color: #ffffff;">IntPro-Handelsagentur e.K.<br /></span><span style="color: #ffffff;">IntPro-mobility &amp; IntPro-object</span><br /><span style="color: #ffffff;">Inh.: André Schuster</span><br /><span style="color: #ffffff;">Böttcherstr.7 </span><br /><span style="color: #ffffff;">DE-33609 Bielefeld</span></p>
<p><span style="color: #ffffff;">Handelsregister: HRA 17151</span><br /><span style="color: #ffffff;">Registergericht: Amtsgericht Bielefeld</span></p>
<h2><span style="color: #ffffff;">Kontakt</span></h2>
<p><span style="color: #ffffff;">Telefon: <span style="color: #ffff00;"><a style="color: #ffff00;" href="tel:+4952116393051">+49 (0) 521 1639305 1</a></span></span><br /><span style="color: #ffffff;">E-Mail: <span style="color: #ffff00;"><a style="color: #ffff00;" href="mailto:info@IntPro-mobility.com">info@IntPro-mobility.com</a></span>, <span style="color: #ffff00;"><a style="color: #ffff00;" href="mailto:info@IntPro-object.com">info@IntPro-object.com</a></span></span></p>
<h2><span style="color: #ffffff;">Umsatzsteuer-ID</span></h2>
<p><span style="color: #ffffff;">Umsatzsteuer-Identifikationsnummer gemäß § 27 a Umsatzsteuergesetz:</span><br /><span style="color: #ffffff;">DE351972115</span></p>
<h2><span style="color: #ffffff;">EU-Streitschlichtung</span></h2>
<p><span style="color: #ffffff;">Die Europäische Kommission stellt eine Plattform zur Online-Streitbeilegung (OS) bereit: <a style="color: #ffffff;" href="https://ec.europa.eu/consumers/odr/" target="_blank" rel="noopener noreferrer">https://ec.europa.eu/consumers/odr/</a>.</span><br /><span style="color: #ffffff;">Unsere E-Mail-Adresse finden Sie oben im Impressum.</span></p>
<h2><span style="color: #ffffff;">Verbraucher­streit­beilegung/Universal­schlichtungs­stelle</span></h2>
<p><span style="color: #ffffff;">Wir sind nicht bereit oder verpflichtet, an Streitbeilegungsverfahren vor einer Verbraucherschlichtungsstelle teilzunehmen.</span></p>
</div>
<p> </p>
<p><span style="color: #ffffff;">___</span></p>
<p><span style="color: #ffffff;">Haftungsausschluss</span></p>
<p><span style="color: #ffffff;">Wir übernehmen keine Gewähr für die Aktualität, Korrektheit, Vollständigkeit oder Qualität der zur Verfügung gestellten Informationen.</span></p>
<p><span style="color: #ffffff;">Haftungsansprüche gegen und, welche sich auf Schäden beziehen, die durch die Nutzung oder Nichtnutzung der dargebotenen Informationen bzw. durch die Nutzung fehlerhafter und unvollständiger Informationen verursacht wurden, sind grundsätzlich ausgeschlossen, sofern gegen uns kein nachweislich vorsätzliches oder grob fahrlässiges Verschulden vorliegt.</span></p>
<p><span style="color: #ffffff;">Urheberrecht</span></p>
<p><span style="color: #ffffff;">Wir sind bestrebt, in allen Publikationen geltende Urheberrechte zu beachten. Sollte es trotzdem zu einer Urheberrechtsverletzung kommen, werden wir das entsprechende Objekt nach Benachrichtigung aus seiner Publikation entfernen bzw. mit dem entsprechenden Urheberrecht kenntlich machen.</span></p>
<p><span style="color: #ffffff;">Alle innerhalb des Internetangebots genannten und gegebenenfalls durch Dritte geschützten Marken- und Warenzeichen unterliegen uneingeschränkt den Bestimmungen des jeweils gültigen Kennzeichenrechts und den Besitzrechten der jeweiligen eingetragenen Eigentümer. Allein aufgrund der bloßen Nennung ist nicht der Schluss zu ziehen, dass Markenzeichen nicht durch Rechte Dritter geschützt sind.</span></p>
<p><span style="color: #ffffff;">Das Urheberecht für die eigenen Inhalte von uns auf den von uns betriebenen Domains steht allein uns zu. Eine Vervielfältigung solcher Grafiken, Sounds oder Texte in anderen elektronischen oder gedruckten Publikationen ist ohne ausdrückliche Zustimmung von uns nicht gestattet.</span></p>
<p><span style="color: #ffffff;">Rechtswirksamkeit</span></p>
<p><span style="color: #ffffff;">Dieser Haftungsausschluss ist als Teil des Internetangebotes zu betrachten, von dem aus auf diese Seite verwiesen wurde. Sofern Teile oder einzelne Formulierungen dieses Textes der geltenden Rechtslage nicht, nicht mehr oder nicht vollständig entsprechen sollten, bleiben die übrigen Teile des Dokumentes in ihrem Inhalt und ihrer Gültigkeit hiervon unberührt.</span></p>


		</div>
					</div>

	

</div>

		</div>

		
<style>
#section_779852113 {
  padding-top: 30px;
  padding-bottom: 30px;
  background-color: rgb(0,0,0);
}
</style>
	</section>
	

	<section class="section" id="section_1279212469">
		<div class="section-bg fill" >
									
			

		</div>

		

		<div class="section-content relative">
			

	<div id="gap-1777485776" class="gap-element clearfix" style="display:block; height:auto;">
		
<style>
#gap-1777485776 {
  padding-top: 110px;
}
</style>
	</div>
	


		</div>

		
<style>
#section_1279212469 {
  padding-top: 30px;
  padding-bottom: 30px;
  background-color: rgb(0,0,0);
}
</style>
	</section>

<!-- This site is optimized with the Yoast SEO plugin v27.1.1 - https://yoast.com/product/yoast-seo-wordpress/ -->
<title>Impressum - Intpro Mobility</title>
<meta name="description" content="Unsere Vision ist Ihre Chance. Die Agentur in OWL für moderne, preiswerte und responsive Websites." />
<meta name="robots" content="index, follow, max-snippet:-1, max-image-preview:large, max-video-preview:-1" />
<link rel="canonical" href="https://intpro-handelsagentur.com/intpro-mobility/impressum/" />
<meta property="og:locale" content="de_DE" />
<meta property="og:type" content="article" />
<meta property="og:title" content="Impressum - Intpro Mobility" />
<meta property="og:description" content="Unsere Vision ist Ihre Chance. Die Agentur in OWL für moderne, preiswerte und responsive Websites." />
<meta property="og:url" content="https://intpro-handelsagentur.com/intpro-mobility/impressum/" />
<meta property="og:site_name" content="Intpro Mobility" />
<meta property="article:modified_time" content="2024-12-04T18:55:28+00:00" />
<meta name="twitter:card" content="summary_large_image" />
<meta name="twitter:label1" content="Geschätzte Lesezeit" />
	<meta name="twitter:data1" content="2 Minuten" />
<script type="application/ld+json" class="yoast-schema-graph">{"@context":"https://schema.org","@graph":[{"@type":"WebPage","@id":"https://intpro-handelsagentur.com/intpro-mobility/impressum/","url":"https://intpro-handelsagentur.com/intpro-mobility/impressum/","name":"Impressum - Intpro Mobility","isPartOf":{"@id":"https://intpro-handelsagentur.com/intpro-mobility/#website"},"datePublished":"2023-08-07T14:14:26+00:00","dateModified":"2024-12-04T18:55:28+00:00","description":"Unsere Vision ist Ihre Chance. Die Agentur in OWL für moderne, preiswerte und responsive Websites.","breadcrumb":{"@id":"https://intpro-handelsagentur.com/intpro-mobility/impressum/#breadcrumb"},"inLanguage":"de","potentialAction":[{"@type":"ReadAction","target":["https://intpro-handelsagentur.com/intpro-mobility/impressum/"]}]},{"@type":"BreadcrumbList","@id":"https://intpro-handelsagentur.com/intpro-mobility/impressum/#breadcrumb","itemListElement":[{"@type":"ListItem","position":1,"name":"Startseite","item":"https://intpro-handelsagentur.com/intpro-mobility/"},{"@type":"ListItem","position":2,"name":"Impressum"}]},{"@type":"WebSite","@id":"https://intpro-handelsagentur.com/intpro-mobility/#website","url":"https://intpro-handelsagentur.com/intpro-mobility/","name":"Intpro Mobility","description":"","potentialAction":[{"@type":"SearchAction","target":{"@type":"EntryPoint","urlTemplate":"https://intpro-handelsagentur.com/intpro-mobility/?s={search_term_string}"},"query-input":{"@type":"PropertyValueSpecification","valueRequired":true,"valueName":"search_term_string"}}],"inLanguage":"de"}]}</script>
<!-- / Yoast SEO plugin. -->

Unsere Vision ist Ihre Chance. Die Agentur in OWL für moderne, preiswerte und responsive Websites.
